4 (base 5) to base 6
-15413
-4541 (base 11) to base 3
-22012021
Convert 51314 (base 7) to base 4.
3003122
What is 273 (base 12) in base 5?
3000
Convert 425 (base 11) to base 7.
1330
-2111102 (base 3) to base 7
-5210
Convert -13ad (base 15) to base 9.
-5701
5ac (base 14) to base 2
10001101100
What is 8d0 (base 15) in base 2?
11111001011
Convert -248 (base 12) to base 7.
-1001
What is 1244 (base 6) in base 2?
100111100
What is 33 (base 10) in base 15?
23
568 (base 11) to base 2
1010100111
Convert -1a5 (base 16) to base 10.
-421
Convert -530 (base 8) to base 7.
-1001
Convert -3d (base 15) to base 5.
-213
What is -130254 (base 6) in base 3?
-121010221
What is -5480 (base 14) in base 10?
-14616
Convert -35011 (base 7) to base 8.
-21336
24003 (base 5) to base 13
a4b
What is 2399 (base 10) in base 16?
95f
5b8 (base 15) to base 3
1210002
Convert a307 (base 13) to base 3.
1010211202
What is -1026 (base 7) in base 14?
-1bd
Convert 8cfc (base 16) to base 3.
1211111202
Convert -1213 (base 7) to base 10.
-451
Convert -12205 (base 10) to base 5.
-342310
13231000 (base 4) to base 9
47247
-211031 (base 5) to base 8
-15550
-13a8 (base 11) to base 5
-24222
101211 (base 3) to base 8
444
-18d2 (base 14) to base 15
-14eb
What is -235233 (base 6) in base 11?
-1453a
What is 8 (base 10) in base 3?
22
Convert 110110100001 (base 2) to base 7.
13113
12240 (base 11) to base 6
213233
-200022 (base 6) to base 7
-63245
Convert -1bb90 (base 12) to base 7.
-231543
Convert -9920 (base 10) to base 9.
-14542
-2240024 (base 5) to base 2
-1001110001001110
What is 2c60 (base 14) in base 7?
32050
Convert 7004 (base 8) to base 16.
e04
-103303 (base 4) to base 3
-1201221
Convert 9154 (base 11) to base 12.
7053
What is 630 (base 7) in base 2?
100111011
Convert -2100110 (base 3) to base 15.
-793
What is 10000000010100 (base 2) in base 6?
102004
Convert -4134 (base 6) to base 14.
-49c
Convert 460 (base 9) to base 7.
1050
-5e3 (base 16) to base 12
-a57
-80a8 (base 13) to base 6
-214002
-199 (base 11) to base 4
-3211
-3013 (base 7) to base 8
-2017
What is -202240 (base 5) in base 2?
-1100110101010
What is 3c2 (base 16) in base 6?
4242
What is 111001100 (base 2) in base 3?
122001
Convert -5446 (base 15) to base 13.
-8175
Convert -c3 (base 13) to base 9.
-186
-524210 (base 6) to base 15
-c879
2334 (base 9) to base 12
1004
What is -149 (base 14) in base 12?
-199
26c6 (base 13) to base 12
3282
-5544 (base 16) to base 14
-7d52
Convert -211012 (base 3) to base 14.
-30b
What is cf1 (base 16) in base 11?
2542
-212212 (base 3) to base 2
-1010000100
Convert a32 (base 13) to base 7.
5022
What is -2140 (base 9) in base 7?
-4410
What is 340455 (base 6) in base 16?
7013
What is 3151 (base 9) in base 7?
6514
Convert 2ba4 (base 15) to base 14.
35bd
-4cd (base 15) to base 12
-771
What is 2554 (base 8) in base 2?
10101101100
-10010001100110000 (base 2) to base 7
-430221
Convert -a7 (base 13) to base 10.
-137
Convert a6bd (base 14) to base 12.
147a7
-60064 (base 8) to base 4
-12000310
What is 1437 (base 13) in base 15?
ce9
Convert 292 (base 10) to base 16.
124
Convert -303 (base 8) to base 4.
-3003
What is 812 (base 12) in base 11?
970
Convert -5341 (base 7) to base 10.
-1891
What is 55652 (base 7) in base 4?
3123203
-193 (base 11) to base 16
-df
What is 100110110110 (base 2) in base 12?
1532
23103 (base 4) to base 2
1011010011
2000012 (base 4) to base 12
48b2
Convert 4458 (base 11) to base 2.
1011011101111
Convert -20211 (base 4) to base 9.
-670
-1101 (base 7) to base 3
-112120
What is -110101011111 (base 2) in base 8?
-6537
-858c (base 14) to base 4
-11220100
Convert -204121 (base 5) to base 8.
-15202
What is -11220010 (base 4) in base 14?
-8580
What is -21210200 (base 3) in base 8?
-13070
What is 5f (base 16) in base 10?
95
-103322 (base 6) to base 12
-4b42
What is 54152 (base 9) in base 14?
d0c9
Convert 1321003 (base 4) to base 9.
11557
Convert 3880 (base 11) to base 8.
11671
Convert -3143 (base 6) to base 9.
-870
What is 11590 (base 11) in base 12?
9798
Convert -5182 (base 9) to base 11.
-2945
Convert 1340 (base 8) to base 3.
1000021
What is -2561 (base 11) in base 2?
-110100000110
What is 15b0 (base 13) in base 11?
2436
4999 (base 10) to base 12
2a87
31 (base 10) to base 13
25
Convert 1223 (base 10) to base 14.
635
Convert -5344 (base 7) to base 12.
-111a
-5121 (base 11) to base 6
-51251
-100111121 (base 3) to base 14
-274c
-6075 (base 9) to base 7
-15644
What is 20110 (base 4) in base 3?
201201
Convert 305 (base 6) to base 8.
161
What is 613 (base 8) in base 16?
18b
What is -1264 (base 7) in base 5?
-3422
-24c (base 13) to base 16
-192
What is 101100011010110 (base 2) in base 8?
54326
Convert 91a (base 13) to base 2.
11000001000
1180 (base 9) to base 8
1562
What is 4202024 (base 5) in base 7?
405131
What is 1037 (base 12) in base 16?
6eb
-103 (base 12) to base 8
-223
3c4 (base 14) to base 10
760
What is -232322 (base 4) in base 5?
-44002
623 (base 11) to base 5
11001
Convert -10000110011 (base 2) to base 13.
-649
-50e2 (base 15) to base 4
-10022333
What is 7722 (base 9) in base 7?
22406
15c (base 16) to base 7
1005
What is 222 (base 7) in base 15?
79
-a49 (base 11) to base 5
-20023
2476 (base 12) to base 8
10032
-10011111 (base 2) to base 12
-113
Convert 1a68 (base 13) to base 11.
2a92
What is 28100 (base 10) in base 16?
6dc4
-263 (base 12) to base 11
-300
Convert 5200 (base 10) to base 8.
12120
Convert 4d1 (base 15) to base 11.
907
-8c0 (base 14) to base 11
-1339
Convert -3377 (base 16) to base 2.
-11001101110111
What is -4232 (base 5) in base 10?
-567
-1010221210 (base 3) to base 7
-122535
What is -6209 (base 14) in base 13?
-78a4
1001010010111 (base 2) to base 11
3637
1325 (base 6) to base 4
11111
What is 1110220 (base 4) in base 11?
4084
-101110110010 (base 2) to base 7
-11505
What is -202222200 (base 3) in base 7?
-62415
What is 11768 (base 10) in base 2?
10110111111000
Convert -1480 (base 11) to base 12.
-1127
What is -1651 (base 7) in base 9?
-827
64 (base 13) to base 5
312
Convert 605 (base 7) to base 14.
175
What is 18577 (base 9) in base 5?
402433
What is 102252 (base 6) in base 3?
102101212
-10100230 (base 4) to base 7
-101611
What is 21110 (base 4) in base 8?
1124
What is 224 (base 15) in base 8?
744
5622 (base 10) to base 11
4251
-10051 (base 7) to base 11
-1916
Convert 2010010 (base 4) to base 11.
6394
What is -2057 (base 8) in base 16?
-42f
Convert 2505 (base 6) to base 13.
386
89e (base 15) to base 9
2605
-1010001000 (base 3) to base 2
-101010110001001
Convert c32 (base 13) to base 15.
92e
-1223210 (base 5) to base 9
-35272
What is 7448 (base 13) in base 14?
5c31
Convert 11163 (base 7) to base 5.
42323
-20020 (base 7) to base 14
-1a80
17b5 (base 13) to base 3
11211200
Convert -100101010011 (base 2) to base 12.
-146b
2a5 (base 12) to base 8
635
Convert 1670 (base 9) to base 12.
8a6
Convert c7 (base 13) to base 7.
322
What is -33300033 (base 4) in base 2?
-1111110000001111
-61100 (base 7) to base 14
-5570
4108 (base 9) to base 15
d55
a45 (base 16) to base 14
d5b
3110230 (base 4) to base 2
11010100101100
Convert 23813 (base 11) to base 6.
422333
-13100021 (base 4) to base 9
-44665
What is -835 (base 9) in base 3?
-221012
-6ed (base 16) to base 15
-7d3
What is 2020001 (base 4) in base 2?
10001000000001
What is -2667 (base 8) in base 11?
-1110
What is -10120310 (base 4) in base 11?
-12559
Convert 3992 (base 10) to base 13.
1a81
2613 (base 12) to base 2
1000011101111
Convert 708 (base 15) to base 8.
3057
2133200 (base 4) to base 3
112000002
What is -17520 (base 8) in base 3?
-101222220
Convert -c10 (base 13) to base 11.
-1596
-111202 (base 5) to base 9
-5343
-411111 (base 5) to base 3
-200012220
Convert 10111101111100 (base 2) to base 14.
4604
202201 (base 3) to base 13
340
-3174 (base 12) to base 15
-1911
What is -255 (base 8) in base 12?
-125
2b33 (base 14) to base 4
1320021
-24a9 (base 15) to base 12
-4629
11021 (base 6) to base 7
4306
Convert -51546 (base 7) to base 12.
-7383
2980 (base 10) to base 12
1884
What is -322 (base 14) in base 11?
-512
What is -38e (base 15) in base 6?
-3425
What is 103 (base 7) in base 12?
44
What is -28137 (base 9) in base 3?
-222011021
-11002012 (base 3) to base 16
-b9f
-dc7e (base 16) to base 6
-1113154
What is -100100 (base 3) in base 14?
-140
-10 (ba